t of 57165?
7
What is the units digit of 1072?
2
What is the units digit of 36151?
1
What is the thousands digit of 11076?
1
What is the tens digit of 121?
2
What is the tens digit of 61?
6
What is the ten thousands digit of 45595?
4
What is the units digit of 101324?
4
What is the hundreds digit of 3623?
6
What is the units digit of 17588?
8
What is the thousands digit of 65545?
5
What is the hundreds digit of 7998?
9
What is the units digit of 272?
2
What is the tens digit of 2025?
2
What is the hundreds digit of 5636?
6
What is the tens digit of 913?
1
What is the hundreds digit of 6080?
0
What is the tens digit of 8503?
0
What is the units digit of 19867?
7
What is the units digit of 191?
1
What is the units digit of 10585?
5
What is the thousands digit of 2876?
2
What is the thousands digit of 87158?
7
What is the units digit of 5720?
0
What is the tens digit of 102614?
1
What is the tens digit of 13224?
2
What is the tens digit of 5139?
3
What is the hundreds digit of 1888?
8
What is the tens digit of 216?
1
What is the units digit of 13432?
2
What is the thousands digit of 9474?
9
What is the thousands digit of 43017?
3
What is the hundreds digit of 118?
1
What is the hundreds digit of 1857?
8
What is the ten thousands digit of 106029?
0
What is the ten thousands digit of 93941?
9
What is the units digit of 495?
5
What is the ten thousands digit of 33461?
3
What is the hundreds digit of 1205?
2
What is the hundreds digit of 53484?
4
What is the tens digit of 1674?
7
What is the tens digit of 245?
4
What is the hundreds digit of 1728?
7
What is the thousands digit of 2013?
2
What is the ten thousands digit of 106572?
0
What is the thousands digit of 2429?
2
What is the thousands digit of 3367?
3
What is the thousands digit of 32318?
2
What is the units digit of 5547?
7
What is the units digit of 3871?
1
What is the tens digit of 47622?
2
What is the tens digit of 6939?
3
What is the hundreds digit of 1168?
1
What is the hundreds digit of 552?
5
What is the thousands digit of 52110?
2
What is the tens digit of 246?
4
What is the units digit of 83212?
2
What is the hundreds digit of 47774?
7
What is the tens digit of 8036?
3
What is the hundreds digit of 8983?
9
What is the units digit of 19138?
8
What is the hundreds digit of 4526?
5
What is the hundreds digit of 709?
7
What is the thousands digit of 1563?
1
What is the tens digit of 723?
2
What is the hundreds digit of 82022?
0
What is the units digit of 1301?
1
What is the units digit of 396?
6
What is the hundreds digit of 702?
7
What is the tens digit of 21762?
6
What is the ten thousands digit of 46268?
4
What is the tens digit of 328?
2
What is the tens digit of 6742?
4
What is the ten thousands digit of 47794?
4
What is the hundreds digit of 835?
8
What is the hundreds digit of 992?
9
What is the hundreds digit of 7802?
8
What is the thousands digit of 58612?
8
What is the hundreds digit of 2195?
1
What is the tens digit of 48624?
2
What is the units digit of 41303?
3
What is the tens digit of 590?
9
What is the hundreds digit of 479?
4
What is the tens digit of 73?
7
What is the hundreds digit of 1282?
2
What is the thousands digit of 22596?
2
What is the units digit of 21375?
5
What is the tens digit of 624?
2
What is the tens digit of 1068?
6
What is the units digit of 16219?
9
What is the tens digit of 25077?
7
What is the hundreds digit of 5725?
7
What is the units digit of 2560?
0
What is the ten thousands digit of 66784?
6
What is the ten thousands digit of 22065?
2
What is the thousands digit of 2704?
2
What is the units digit of 658?
8
What is the units digit of 685?
5
What is the units digit of 70389?
9
What is the hundred thousands digit of 151802?
1
What is the hundreds digit of 4592?
5
What is the thousands digit of 3429?
3
What is the units digit of 16058?
8
What is the thousands digit of 5238?
5
What is the hundreds digit of 3572?
5
What is the hundreds digit of 10392?
3
What is the hundreds digit of 365?
3
What is the thousands digit of 1311?
1
What is the units digit of 848?
8
What is the tens digit of 89788?
8
What is the tens digit of 43456?
5
What is the hundreds digit of 146?
1
What is the ten thousands digit of 26513?
2
What is the thousands digit of 2667?
2
What is the tens digit of 15281?
8
What is the units digit of 55103?
3
What is the tens digit of 1141?
4
What is the hundreds digit of 35755?
7
What is the hundreds digit of 45541?
5
What is the thousands digit of 7701?
7
What is the thousands digit of 2208?
2
What is the thousands digit of 3483?
3
What is the thousands digit of 88831?
8
What is the ten thousands digit of 10653?
1
What is the tens digit of 86976?
7
What is the tens digit of 3944?
4
What is the tens digit of 2963?
6
What is the hundred thousands digit of 189266?
1
What is the thousands digit of 5474?
5
What is the units digit of 14093?
3
What is the tens digit of 546?
4
What is the tens digit of 2860?
6
What is the ten thousands digit of 10880?
1
What is the ten thousands digit of 31341?
3
What is the units digit of 763?
3
What is the units digit of 1098?
8
What is the units digit of 11977?
7
What is the units digit of 7212?
2
What is the hundreds digit of 275?
2
What is the thousands digit of 1066?
1
What is the ten thousands digit of 67626?
6
What is the tens digit of 167?
6
What is the tens digit of 70216?
1
What is the hundreds digit of 831?
8
What is the tens digit of 346?
4
What is the ten thousands digit of 26695?
2
What is the thousands digit of 90923?
0
What is the tens digit of 880?
8
What is the units digit of 2005?
5
What is the hundreds digit of 140044?
0
What is the tens digit of 1447?
4
What is the thousands digit of 104988?
4
What is the units digit of 1330?
0
What is the ten thousands digit of 26412?
2
What is the units digit of 13789?
9
What is the units digit of 1193?
3
What is the tens digit of 386?
8
What is the hundreds digit of 4093?
0
What is the tens digit of 76656?
5
What is the tens digit of 39337?
3
What is the units digit of 177?
7
What is the tens digit of 148673?
7
What is the hundreds digit of 41190?
1
What is the hundreds digit of 811?
8
What is the thousands digit of 13315?
3
What is the hundreds digit of 331?
3
What is the thousands digit of 1358?
1
What is the units digit of 27831?
1
What is the tens digit of 29902?
0
What is the thousands digit of 1257?
1
What is the units digit of 187?
7
What is the units digit of 3086?
6
What is the tens digit of 7391?
9
What is the tens digit of 60676?
7
What is the hundreds digit of 43035?
0
What is the thousands digit of 25799?
5
What is the units digit of 528?
8
What is the ten thousands digit of 25560?
2
What is the tens digit of 34468?
6
What is the tens digit of 876?
7
What is the thousands digit of 28813?
8
What is the tens digit of 4293?
9
What is the hundreds digit of 44260?
2
What is the thousands digit of 8610?
8
What is the units digit of 110412?
2
What is the thousands digit of 2579?
2
What is the units digit of 19877?
7
What is the units digit of 1259?
9
What is the thousands digit of 17084?
7
What is the units digit of 738?
8
What is the tens digit of 5294?
9
What is the units digit of 3346?
6
What is the units digit of 1154?
4
What is the tens digit of 3610?
1
What is the tens digit of 1196?
9
What is the units digit of 4113?
3
What is the units digit of 3678?
8
What is the tens digit of 79572?
7
What is the tens digit of 12494?
9
What is the thousands digit of 4289?
4
What is the thousands digit of 43705?
3
What is the units digit of 7224?
4
What is the tens digit of 1554?
5
What is the ten thousands digit of 143324?
4
What is the hundreds digit of 79808?
8
What is the thousands digit of 1884?
1
What is the hundreds digit of 126923?
9
What is the ten thousands digit of 72383?
7
What is the hundreds digit of 1131?
1
What is the units digit of 10037?
7
What is the units digit of 494?
4
What is the units digit of 32?
2
What is the tens digit of 77789?
8
What is the tens digit of 3946?
4
What is the hundreds digit of 1745?
7
What is the thousands digit of 10115?
0
What is the units digit of 56363?
3
What is the tens digit of 80505?
0
What is the thousands digit of 2079?
2
What is the tens digit of 13904?
0
What is the ten thousands digit of 138321?
3